{"id":8278,"date":"2026-04-29T07:45:15","date_gmt":"2026-04-29T05:45:15","guid":{"rendered":"https:\/\/www.cnog.ro\/?page_id=8278"},"modified":"2026-04-29T11:11:21","modified_gmt":"2026-04-29T09:11:21","slug":"concursuri-si-olimpiade","status":"publish","type":"page","link":"http:\/\/www.cnog.ro\/index.php\/concursuri-si-olimpiade\/","title":{"rendered":"Concursuri \u015fi olimpiade"},"content":{"rendered":"\n<br><br><font size=\"5\">Rezultate la Concursuri \u015fi Olimpiade \u00een anul \u015fcolar 2025-2026<\/font><br><br>\n<div class=\"trofeu-box\">\n  Eleva NISTOR BIANCA din clasa IX B, preg\u0103tit\u0103 de prof. CHIROBOCEA LAURA a ob\u021binut LOCUL III \u2013 FAZA JUDE\u021aEAN\u0102 la Olimpiada de Biologie \u0219i calificarea la FAZA NA\u021aIONAL\u0102\n<\/div>\n<hr>\n<div class=\"trofeu-box\">\nElevul POP ILIE din clasa VII A , preg\u0103tit\u0103 de prof. PAL IOANA AMELIA  a ob\u0163inut LOCUL I &#8211; FAZA PE \u015eCOAL\u0102 la Concursul Navig\u0103m sigur &#8211; siguran\u021b\u0103 online \n<\/div>\n<hr>\n<div class=\"trofeu-box\">\nEleva TINC\u0102U ALESIA TEODORA din clasa V D , preg\u0103tit\u0103 de prof. PAL IOANA AMELIA \u015fi prof. MAL ZOIE  a ob\u0163inut LOCUL I &#8211; FAZA PE \u015eCOAL\u0102 la Concursul Mesagerii antibullying \n<\/div>\n<hr>\n<div class=\"trofeu-box\">\nElevii din clasa VI A , preg\u0103ti\u0163i de prof. PAL IOANA AMELIA\/CURTUI IACOB ANCA GABRIELA  au ob\u0163inut LOCUL I &#8211; FAZA PE \u015eCOAL\u0102 la Concursul Borcanul cu resurse \n<\/div>\n<hr>\n<div class=\"trofeu-box\">\nElevii BOZGA C\u0102T\u0102LIN, TAKASC EDUARD, BOROS NEME\u0218 EDUARD,FOGAS DAVID,ALEXUTAN DENIS, PARTEA MATEI, MARO EDUARD, PURDEA EDUARD, VASALIE AUSTIN, GYORGY ERVIN, NAGHI DARIUS, TENTES MARIAS, din clasele III A, III C, IV B, IV C , preg\u0103ti\u0163i de prof. RULEA LUCIAN  au ob\u0163inut LOCUL II &#8211; FAZA JUDE\u0162EAN\u0102 la Cupa Tymbark \n<hr>\n<a href=\"http:\/\/www.cnog.ro\/wp-content\/uploads\/2026\/04\/Cupa-Tymbark-U10-faza-pe-judet.jpeg\" target=\"_blank\"><img decoding=\"async\" src=\"http:\/\/www.cnog.ro\/wp-content\/uploads\/2026\/04\/Cupa-Tymbark-U10-faza-pe-judet.jpeg\"><\/a>\n<\/div>\n<hr>\n<div class=\"trofeu-box\">\nElevul BANDI ONISIM &#8211; GABRIEL din clasa IX D , preg\u0103tit de prof. TURC MARIUS  a ob\u0163inut LOCUL I &#8211; FAZA JUDE\u0162EAN\u0102 la ONSS Cros liceu b\u0103ie\u021bi \u0219i calificarea la FAZA NA\u021aIONAL\u0102\n<hr>\n<a href=\"http:\/\/www.cnog.ro\/wp-content\/uploads\/2026\/04\/ONSS-Cros.jpeg\" target=\"_blank\"><img decoding=\"async\" src=\"http:\/\/www.cnog.ro\/wp-content\/uploads\/2026\/04\/ONSS-Cros.jpeg\"><\/a>\n<\/div>\n<hr>\n<div class=\"trofeu-box\">\nElevii FAUR CODRIN , DAT DENIS , POP EDUARD , MELLEN PATRIK , BANDI ONISIM , HERKUCZ GEORGE , BERGHE LUCA , CANALO\u0218 ELISEI , SERAC RAUL , PURDEA ANDR , POP DAVIDEI din clasele IX A , IX D , X A , X B , X C , X D , preg\u0103ti\u0163i de prof. TURC MARIUS  au ob\u0163inut LOCUL III &#8211; FAZA JUDE\u0162EAN\u0102 la ONSS FOTBAL U16 B\u0102IE\u021aI \n<hr>\n<a href=\"http:\/\/www.cnog.ro\/wp-content\/uploads\/2026\/04\/ONSS-forbal-baieti.jpeg\" target=\"_blank\"><img decoding=\"async\" src=\"http:\/\/www.cnog.ro\/wp-content\/uploads\/2026\/04\/ONSS-forbal-baieti.jpeg\"><\/a>\n<\/div>\n<hr>\n<div class=\"trofeu-box\">\nElevele CSEREI MAIA , BALOG ALEXANDRA , BON\u021aE ALESIA , BUI\u021aA ANDA ,  FAZEKAS ANDREA, POP ANDREEA, NU\u021aA\u0218 ANAMARIA , SILAGHI TEODORA , OROS PATRICIA , PURI\u0218 LARISA din clasa IX-X , preg\u0103tite de prof. TURC MARIUS  au ob\u0163inut LOCUL II &#8211; FAZA JUDE\u0162EAN\u0102 la ONSS FOTBAL FETE U16 \n<hr>\n<a href=\"http:\/\/www.cnog.ro\/wp-content\/uploads\/2026\/04\/Onss-fotbal-fete.jpeg\" target=\"_blank\"><img decoding=\"async\" src=\"http:\/\/www.cnog.ro\/wp-content\/uploads\/2026\/04\/Onss-fotbal-fete.jpeg\"><\/a>\n<\/div>\n<hr>\n<div class=\"trofeu-box\">\nEleva BEKE SAMUEL din clasa V A , preg\u0103tit\u0103 de prof. CRI\u015eAN FLORICA  a ob\u0163inut MEN\u021aIUNE &#8211; FAZA JUDE\u0162EAN\u0102 la Concurs Na\u021bional Terra (mica olimpiad\u0103 de geografie) \n<\/div>\n<hr>\n<div class=\"trofeu-box\">\nEleva LONTE NAOMI-PAULA din clasa X D , preg\u0103tit\u0103 de prof. I\u015eTOC NICOLE VASILE  a ob\u0163inut MEN\u0162IUNE ( locul IV) &#8211; FAZA JUDE\u0162EAN\u0102 la Olimpiada Na\u021bional\u0103 de Geografie \n<hr>\n<a href=\"http:\/\/www.cnog.ro\/wp-content\/uploads\/2026\/04\/Olimpiada-nationala-de-geografie.jpeg\" target=\"_blank\"><img decoding=\"async\" src=\"http:\/\/www.cnog.ro\/wp-content\/uploads\/2026\/04\/Olimpiada-nationala-de-geografie.jpeg\"><\/a>\n<\/div>\n<hr>\n<div class=\"trofeu-box\">\nElevul COZMA BOGDAN din clasa XII C , preg\u0103tit de prof. S\u0102RAC NICOLAE  a ob\u0163inut MEN\u021aIUNE &#8211; FAZA JUDE\u0162EAN\u0102 la Olimpiada Na\u021bional\u0103 de Istorie \n<\/div>\n<hr>\n<div class=\"trofeu-box\">\nEleva ILE ANA din clasa IX A , preg\u0103tit\u0103 de prof. POP CLAUDIA  a ob\u0163inut MEN\u021aIUNE &#8211; FAZA JUDE\u0162EAN\u0102 la Olimpiada de limba Engleza \n<\/div>\n<hr>\n<div class=\"trofeu-box\">\nEleva NISTOR BEATRIZ-ESTERA din clasa VII B , preg\u0103tit\u0103 de prof. AS\u0102VOAIEI CARMEN-NICOLETA  a ob\u0163inut MEN\u021aIUNE &#8211; FAZA JUDE\u0162EAN\u0102 la Concurs Chants, Sons sur Sc\u00e8ne, Qualif&#8217; de Bihor 2026 \n<\/div>\n<hr>\n<div class=\"trofeu-box\">\nElevul BEN\u021aE CEZAR-GAVRIL din clasa VII C , preg\u0103tit de prof. AS\u0102VOAIEI CARMEN-NICOLETA  a ob\u0163inut LOCUL III &#8211; FAZA JUDE\u0162EAN\u0102 la Olimpiada de Limba Francez\u0103 \n<\/div>\n<hr>\n<div class=\"trofeu-box\">\nEleva IUHAS DORIELA din clasa VI A , preg\u0103tit\u0103 de prof. BULE SANDA \u0219i  MORAR ANAMARIA  a ob\u0163inut MEN\u021aIUNE  &#8211; FAZA JUDE\u0162EAN\u0102 la Olimpiada interdisciplinar\u0103,,CULTUR\u0102 \u0218I SPIRITUALITATE ROM\u00c2NEASC\u0102 &#8221; \n<\/div>\n<hr>\n<div class=\"trofeu-box\">\nEleva DOBO\u0218 EFREMIA din clasa VII B , preg\u0103tit\u0103 de prof. AN\u021aA MARGARETA  a ob\u0163inut LOCUL I &#8211; FAZA REGIONAL\u0102 la Concursul Regional de crea\u021bie literar\u0103 \u0219i plastic\u0103 \u201dGeorge Tutoveanu\u201d\u201d \n<\/div>\n<hr>\n<div class=\"trofeu-box\">\nEleva SAMU PAULA din clasa VIII C , preg\u0103tit\u0103 de prof. AN\u021aA MARGARETA  a ob\u0163inut LOCUL I &#8211; FAZA REGIONAL\u0102 la Concursul de crea\u021bie literar\u0103 \u0219i plastic\u0103 \n<\/div>\n<hr>\n<div class=\"trofeu-box\">\nEleva OROS MIHAELA din clasa VI  C , preg\u0103tit\u0103 de prof. BULE SANDA  a ob\u0163inut MEN\u021aIUNE &#8211; FAZA JUDE\u0162EAN\u0102 la Olimpiada de Limba \u0219i Literatura Rom\u00e2n\u0103 \n<\/div>\n<hr>\n<div class=\"trofeu-box\">\nEleva DEMIAN DIANA din clasa VI C , preg\u0103tit\u0103 de prof. BULE SANDA  a ob\u0163inut MEN\u021aIUNE  &#8211; FAZA JUDE\u0162EAN\u0102 la Olimpiada ,LECTURA CA ABILITATE DE VIA\u021a\u0102 &#8221; \n<\/div>\n<hr>\n<div class=\"trofeu-box\">\nEleva TINGHILI ELENA din clasa V A , preg\u0103tit\u0103 de prof. PRAHANCA LUMINI\u0162A  a ob\u0163inut MEN\u021aIUNE &#8211; FAZA JUDE\u0162EAN\u0102 la Olimpiada de Religie \n<hr>\nEleva BU\u0218E MARIA din clasa V A , preg\u0103tit\u0103 de prof. PRAHANCA LUMINI\u0162A  a ob\u0163inut MEN\u021aIUNE &#8211; FAZA JUDE\u0162EAN\u0102 la Olimpiada de Religie \n<\/div>\n<hr>\n<div class=\"trofeu-box\">\nEleva KOZAK ADRIENNE din clasa III B , preg\u0103tit\u0103 de prof. PRAHANCA LUMINI\u0162A  a ob\u0163inut MEN\u021aIUNE &#8211; FAZA JUDE\u0162EAN\u0102 la Expozi\u021bie concurs Na\u0219terea Domnului, popas duhovnicesc \n<hr>\nEleva NAGHI ANNA MARIA din clasa IV B , preg\u0103tit\u0103 de prof. PRAHANCA LUMINI\u0162A  a ob\u0163inut LOCUL III &#8211; FAZA JUDE\u0162EAN\u0102 la Expozi\u021bie concurs Na\u0219terea Domnului, popas duhovnicesc \n<hr>\nEleva CRI\u0218AN DIANA din clasa IV B , preg\u0103tit\u0103 de prof. PRAHANCA LUMINI\u0162A  a ob\u0163inut MEN\u021aIUNE &#8211; FAZA JUDE\u0162EAN\u0102 la Expozi\u021bie concurs Na\u0219terea Domnului, popas duhovnicesc \n<hr>\nEleva TINGHILI MARIA din clasa PREG C , preg\u0103tit\u0103 de prof. PRAHANCA LUMINI\u0162A  a ob\u0163inut LOCUL I &#8211; FAZA JUDE\u0162EAN\u0102 la Expozi\u021bie concurs Nasterea Domnului, popas duhovnicesc \n<hr>\nEleva FUR\u00d3 FRANCISCA din clasa III C , preg\u0103tit\u0103 de prof. PRAHANCA LUMINI\u0162A  a ob\u0163inut LOCUL I &#8211; FAZA JUDE\u0162EAN\u0102 la Expozi\u021bie Concurs Nasterea Domnului, popas duhovnices \n<hr>\nEleva CALDERO- MAG DANIELA din clasa IV A , preg\u0103tit\u0103 de prof. PRAHANCA LUMINI\u0162A  a ob\u0163inut LOCUL II &#8211; FAZA JUDE\u0162EAN\u0102 la Expozi\u021bie concurs Na\u0219terea Domnului, popas duhovnicesc \n<hr>\nEleva C\u0102LIMAN DARIA din clasa IV B , preg\u0103tit\u0103 de prof. PRAHANCA LUMINI\u0162A  a ob\u0163inut MEN\u021aIUNE &#8211; FAZA JUDE\u0162EAN\u0102 la Expozi\u021bie concurs Na\u0219terea Domnului, popas duhovnicesc \n<hr>\nEleva KISS DARIA din clasa V B , preg\u0103tit\u0103 de prof. PRAHANCA LUMINI\u0162A  a ob\u0163inut LOCUL I &#8211; FAZA JUDE\u0162EAN\u0102 la Expozi\u021bie concurs Na\u0219terea Domnului, popas duhovnicesc \n<hr>\nEleva TINC\u0102U ALESIA din clasa V D , preg\u0103tit\u0103 de prof. PRAHANCA LUMINI\u0162A  a ob\u0163inut LOCUL II &#8211; FAZA JUDE\u0162EAN\u0102 la Expozi\u021bie concurs Na\u0219terea Domnului , popas duhovnicesc \n<\/div>\n<hr>\n<div class=\"trofeu-box\">\nEleva VARGA T. ERICA din clasa XII C , preg\u0103tit\u0103 de prof. MIHELE M\u0102D\u0102LIN  a ob\u0163inut MEN\u021aIUNE &#8211; FAZA JUDE\u0162EAN\u0102 la Olimpiada de Sociologie \n<\/div>\n<hr>\n<div class=\"trofeu-box\">\nElevul MORAR ADRIAN NICHOLAS din clasa II  D , preg\u0103tit de prof. RO\u0218AN RODICA CRINA  a ob\u0163inut LOCUL I &#8211; FAZA REGIONAL\u0102 la COMPETI\u021aIA REGIONAL\u0102 DE FOTBAL \u201eSPECIAL OLYMPICS\u201d ORADEA- abilit\u0103\u021bi individuale \n<hr>\nElevul CIOARA DAVID din clasa III D , preg\u0103tit de prof. RO\u0218AN RODICA CRINA  a ob\u0163inut LOCUL II &#8211; FAZA REGIONAL\u0102 la COMPETI\u021aIA REGIONAL\u0102 DE FOTBAL \u201e SPECIAL OLYMPICS\u201d ORADEA- ABILIT\u0102\u021aI INDIVIDUALE \n<hr>\nEleva IANC\u0102U DANA din clasa VIII C , preg\u0103tit\u0103 de prof. RO\u0218AN RODICA CRINA  a ob\u0163inut LOCUL III &#8211; FAZA REGIONAL\u0102 la COMPETI\u021aIE REGIONAL\u0102 \u201e SPECIAL OLYMPICS\u201d ORADEA- ABILIT\u0102\u021aI INDIVIDUALE \n<hr>\nElevul M\u00c2NDRU\u021aI LUCA YANIS din clasa VI B , preg\u0103tit de prof. RO\u0218AN RODICA CRINA  a ob\u0163inut MEN\u021aIUNE &#8211; FAZA REGIONAL\u0102 la COMPETI\u0162IA REGIONAL\u0102 DE FOTBAL \u201e SPECIAL OLYMPCS\u201d ORADEA- ABILIT\u0102\u021aI INDIVIDUALE \n<hr>\nEleva RAFI GETA din clasa VI B , preg\u0103tit\u0103 de prof. RO\u0218AN RODICA CRINA  a ob\u0163inut MEN\u021aIUNE &#8211; FAZA REGIONAL\u0102 la COMPETI\u021aIA REGIONAL\u0102 DE FOTBAL \u201eSPECIAL OLYMPCS\u201d ORADEA- ABILIT\u0102\u021aI INDIVIDUALE \n<hr>\nElevul COSTELA\u0218 VLAD din clasa XII C , preg\u0103tit de prof. RO\u0218AN RODICA CRINA  a ob\u0163inut MEN\u021aIUNE &#8211; FAZA REGIONAL\u0102 la COMPETI\u021aIA REGIONAL\u0102 DE FOTBAL \u201eSPECIAL OLIMPCS\u201d ORADEA- ABILIT\u0102\u021aI INDIVIDUALE\n<hr>\n<a href=\"http:\/\/www.cnog.ro\/wp-content\/uploads\/2026\/04\/Concurs-sportiv.jpeg\" target=\"_blank\"><img decoding=\"async\" src=\"http:\/\/www.cnog.ro\/wp-content\/uploads\/2026\/04\/Concurs-sportiv.jpeg\"> <\/a>\n<\/div>\n<hr>\n<div class=\"trofeu-box\">\nElevul CIOARA DAVID MIHAIL din clasa III D , preg\u0103tit de prof. ROSAN RODICA CRINA  a ob\u0163inut LOCUL II &#8211; FAZA INTERJUDE\u021aEAN\u0102 la CONCURS INTERJUDE\u021aEAN CU PARTICIPARE INTERNA\u021aIONAL\u0102 -PODUL PRIETENIEI\n<hr>\nEleva CR\u0102CIUN DENISA din clasa VIII A , preg\u0103tit\u0103 de prof. RO\u0218AN RODICA CRINA  a ob\u0163inut LOCUL II &#8211; FAZA INTERJUDE\u021aEAN\u0102 la CONCURS INTERJUDE\u021aEAN CU PARTICIPARE INTERNA\u021aIONAL\u0102 -PODUL PRIETENIEI\n<hr>\nEleva IANC\u0102U DANA din clasa VIII C , preg\u0103tit\u0103 de prof. RO\u0218AN RODICA CRINA  a ob\u0163inut LOCUL II &#8211; FAZA INTERJUDE\u021aEAN\u0102 la CONCURS INTERJUDE\u021aEAN CU PARTICIPARE INTERNA\u021aIONAL\u0102 -PODUL PRIETENIEI\n<hr>\n<a href=\"http:\/\/www.cnog.ro\/wp-content\/uploads\/2026\/04\/Concurs-recitare-poezii-2.jpeg\" target=\"_blank\"><img decoding=\"async\" src=\"http:\/\/www.cnog.ro\/wp-content\/uploads\/2026\/04\/Concurs-recitare-poezii-2.jpeg\"><\/a>\n<\/div>\n\n\n\n<p><\/p>\n","protected":false},"excerpt":{"rendered":"<p>Rezultate la Concursuri \u015fi Olimpiade \u00een anul \u015fcolar 2025-2026 Eleva NISTOR BIANCA din clasa IX&#8230;<\/p>\n","protected":false},"author":1,"featured_media":8279,"parent":0,"menu_order":0,"comment_status":"closed","ping_status":"closed","template":"","meta":{"footnotes":"","_links_to":"","_links_to_target":""},"class_list":["post-8278","page","type-page","status-publish","has-post-thumbnail","hentry"],"_links":{"self":[{"href":"http:\/\/www.cnog.ro\/index.php\/wp-json\/wp\/v2\/pages\/8278","targetHints":{"allow":["GET"]}}],"collection":[{"href":"http:\/\/www.cnog.ro\/index.php\/wp-json\/wp\/v2\/pages"}],"about":[{"href":"http:\/\/www.cnog.ro\/index.php\/wp-json\/wp\/v2\/types\/page"}],"author":[{"embeddable":true,"href":"http:\/\/www.cnog.ro\/index.php\/wp-json\/wp\/v2\/users\/1"}],"replies":[{"embeddable":true,"href":"http:\/\/www.cnog.ro\/index.php\/wp-json\/wp\/v2\/comments?post=8278"}],"version-history":[{"count":43,"href":"http:\/\/www.cnog.ro\/index.php\/wp-json\/wp\/v2\/pages\/8278\/revisions"}],"predecessor-version":[{"id":8373,"href":"http:\/\/www.cnog.ro\/index.php\/wp-json\/wp\/v2\/pages\/8278\/revisions\/8373"}],"wp:featuredmedia":[{"embeddable":true,"href":"http:\/\/www.cnog.ro\/index.php\/wp-json\/wp\/v2\/media\/8279"}],"wp:attachment":[{"href":"http:\/\/www.cnog.ro\/index.php\/wp-json\/wp\/v2\/media?parent=8278"}],"curies":[{"name":"wp","href":"https:\/\/api.w.org\/{rel}","templated":true}]}}